73 - -12315?
35610
In base 16, what is 0 + 28fd2?
28fd2
In base 6, what is -111 + 114234303?
114234152
In base 9, what is -1 + -244167620?
-244167621
In base 9, what is -7 + 55022170?
55022162
In base 11, what is 48357264 + -3?
48357261
In base 13, what is 0 - -bc8a123?
bc8a123
In base 4, what is -233031 + 1320233?
1021202
In base 14, what is 4b7a3d4 - 0?
4b7a3d4
In base 10, what is -2190 + 3609?
1419
In base 10, what is -12899 - 100?
-12999
In base 4, what is -111103 - 22113312?
-22231021
In base 5, what is 1331331024 - 3?
1331331021
In base 2, what is -100010100100001001101110011 - 0?
-100010100100001001101110011
In base 8, what is -20756 + -54421?
-75377
In base 2, what is 110110011111110000001101 + -1001?
110110011111110000000100
In base 11, what is -17 - 10641828?
-10641844
In base 8, what is 23371 + -2174?
21175
In base 8, what is 5616625 + -475?
5616130
In base 14, what is 308ddc + -64?
308d78
In base 8, what is -321115355 + 0?
-321115355
In base 11, what is -2 - -890244?
890242
In base 3, what is -22202001200212210 + -12?
-22202001200212222
In base 10, what is 705583202 + 4?
705583206
In base 14, what is -328752 + 11?
-328741
In base 10, what is -12 - 3491410?
-3491422
In base 5, what is 33430143431 - 4?
33430143422
In base 3, what is -2111212 + -100121?
-2212110
In base 4, what is -213113221033 + -13?
-213113221112
In base 14, what is 827 - -34d7?
3d20
In base 9, what is -531422 - 110?
-531532
In base 6, what is 5050 - 454425?
-445335
In base 10, what is -2164446 + 3?
-2164443
In base 16, what is -4 + -352d50?
-352d54
In base 4, what is 0 + 1022122201213?
1022122201213
In base 14, what is -691 - -46298?
45a07
In base 9, what is 28 - -2181361?
2181400
In base 11, what is 120841 - -12?
120853
In base 8, what is 404045524 - -2?
404045526
In base 16, what is f512dd + 2?
f512df
In base 8, what is -5365641 - -105?
-5365534
In base 8, what is -44257271 + 4?
-44257265
In base 14, what is 16b20 + -7b0?
16350
In base 10, what is 2 + 480573?
480575
In base 2, what is 101100000111001000100000111 - 0?
101100000111001000100000111
In base 13, what is -b08 - 186a4?
-194ac
In base 9, what is -10 - 1558202?
-1558212
In base 2, what is -1001011000001 + -1010110110100?
-10100001110101
In base 3, what is 1112111122010012 + 2?
1112111122010021
In base 16, what is -62 - 2558e?
-255f0
In base 10, what is 1424230 + 21?
1424251
In base 5, what is -1030 - -344412424?
344411344
In base 9, what is 13783 + -2724?
11058
In base 2, what is -10011000010 - 110010100111?
-1000101101001
In base 13, what is 1418153 - 18?
1418138
In base 14, what is -6c474a - -1?
-6c4749
In base 8, what is 1 + 52652145?
52652146
In base 15, what is 38e2b - 39?
38de2
In base 16, what is -1f2a2 - -b0?
-1f1f2
In base 12, what is 47 - -2073b62?
2073ba9
In base 2, what is 10100101 - 110101101111101?
-110101011011000
In base 4, what is 231031 + 13223101?
20120132
In base 15, what is 5 + 12abd92e?
12abd934
In base 6, what is 25531 + -145?
25342
In base 11, what is -8184a5 - 29?
-818523
In base 7, what is -4100362 + 30?
-4100332
In base 5, what is -1304212142 - -110?
-1304212032
In base 5, what is -11340122 + 22?
-11340100
In base 10, what is -4423 + -29404?
-33827
In base 8, what is -213701 + -2110?
-216011
In base 6, what is -41434 - 10124?
-52002
In base 10, what is 214105 - 0?
214105
In base 2, what is -10010011101010101001101 - 1?
-10010011101010101001110
In base 4, what is 23030003222301 + 2?
23030003222303
In base 7, what is 1114616341 - -2?
1114616343
In base 14, what is -2669 + -36a?
-29d5
In base 11, what is 57902a8 + -20?
5790288
In base 11, what is 7 + 95573a?
955746
In base 11, what is -854 - 16413?
-17167
In base 6, what is -4 - 11004152024?
-11004152032
In base 6, what is -1044140 + -452?
-1045032
In base 7, what is -133440 - 3064?
-136534
In base 12, what is 1098538 - 10?
1098528
In base 11, what is 6 - 1059487?
-1059481
In base 9, what is 26526503 - 13?
26526480
In base 5, what is 1441323433 - -30?
1441324013
In base 6, what is -2312 + -151515?
-154231
In base 5, what is -402431234103 - -2?
-402431234101
In base 9, what is -44 + 147228?
147174
In base 12, what is -104a01633 - -3?
-104a01630
In base 7, what is -35026 + -45260?
-113316
In base 12, what is 19713b6 - 6?
19713b0
In base 3, what is -111 + -1211111122100022?
-1211111122100210
In base 9, what is 5 + -246453?
-246447
In base 9, what is 32525 + -387?
32127
In base 2, what is -11011101000010100 + -1100110?
-11011101001111010
In base 14, what is 5 - 160b577?
-160b572
In base 9, what is -28 + 7148458?
7148430
In base 12, what is -16249 + -36?
-16283
In base 13, what is 338a97 - 77?
338a20
In base 10, what is -30 + 1108098?
1108068
In base 8, what is 7444664 + -5?
7444657
In base 3, what is 0 - -1020210112002112?
1020210112002112
In base 5, what is -32102 - 402341?
-434443
In base 6, what is -1204315 - 40?
-1204355
In base 6, what is -32105 + -10351?
-42500
In base 15, what is -5 - -5634ac0?
5634aba
In base 2, what is 1111101000000011010101000000 + -10?
1111101000000011010100111110
In base 15, what is 2d4de + -c9?
2d415
In base 7, what is -12652364 + -162?
-12652556
In base 7, what is -34415 + -3564?
-41312
In base 12, what is 49b31a + 23?
49b341
In base 3, what is 10020220 + -110020100?
-22222110
In base 12, what is -11b651 + 203b?
-119612
In base 9, what is -313874273 + -2?
-313874275
In base 11, what is -a6522251 + 3?
-a6522249
In base 9, what is 214 + 653168?
653383
In base 3, what is 201 - 21201102000210?
-21201102000002
In base 7, what is 5056110642 + -6?
5056110633
In base 2, what is 10010110011 - 11100010101?
-1001100010
In base 8, what is 2562011 - -1?
2562012
In base 4, what is 0 - 33200101110?
-33200101110
In base 4, what is 11202102 + 13103021?
30311123
In base 7, what is -22 + 11011623?
11011601
In base 7, what is 3161 - 15233?
-12042
In base 11, what is 6aa + 5017?
5716
In base 10, what is 5 + -636402?
-636397
In base 10, what is 1946 - 8185?
-6239
In base 16, what is -4 - -26b64ff?
26b64fb
In base 15, what is 3 - 1451534?
-1451531
In base 10, what is -29 + 26659271?
26659242
In base 14, what is 150c940 - 0?
150c940
In base 15, what is -6 + 61c3c3?
61c3bc
In base 13, what is 3a11 + 198?
3ba9
In base 5, what is 241233 + -10324010?
-10032222
In base 10, what is -6 - -10909574?
10909568
In base 3, what is -1112022 - 1112212220?
-1121102012
In base 14, what is 35a + b21d?
b579
In base 12, what is -49ba16a + 3?
-49ba167
In base 15, what is 8 - -3aa47?
3aa50
In base 13, what is -5a7c3 + -11a?
-5a910
In base 7, what is -2646025 - 1642?
-2651000
In base 2, what is 10 - -1000001000100111001000000?
1000001000100111001000010
In base 8, what is 230346 + 71?
230437
In base 3, what is 1001012200110 + -1002?
1001012122101
In base 7, what is 4 + -410204235?
-410204231
In base 8, what is -2264 + -2134?
-4420
In base 13, what is -3 + -18c57a0a?
-18c57a10
In base 5, what is 20013 + -12414113?
-12344100
In base 7, what is -622056 - -111?
-621645
In base 5, what is -14 - 204331333?
-204331402
In base 6, what is 52312 + 243553?
340305
In base 10, what is 95 - 161682?
-161587
In base 4, what is 300021320220 + 23?
300021320303
In base 7, what is -25436001 + -6?
-25436010
In base 3, what is 21022102 + -121012121?
-22220012
In base 13, what is 5 - -25822767?
2582276c
In base 4, what is -10 - 2101200333133?
-2101200333203
In base 2, what is -10101000000 - -10100?
-10100101100
In base 13, what is 5123c41 - -2?
5123c43
In base 5, what is -242233 + -1224001?
-2021234
In base 9, what is -1 + -130716367?
-130716368
In base 8, what is 1 - -1747147?
1747150
In base 16, what is -5d4 + -706?
-cda
In base 3, what is -20020012120 + 210021?
-20012102022
In base 10, what is -103 + -18397?
-18500
In base 4, what is -3201032 - 23203?
-3230301
In base 15, what is 3 + ae37a5?
ae37a8
In base 15, what is 0 - -bcbc?
bcbc
In base 14, what is a8d0b + 0?
a8d0b
In base 14, what is a10 + 821?
1431
In base 16, what is 66cc8c - -9?
66cc95
In base 3, what is -101002022120 + 1221?
-101002020122
In base 8, what is -17 + -14305727?
-14305746
In base 8, what is 1 + 5310637?
5310640
In base 14, what is -10db + 420?
-abb
In base 9, what is 322421 - 2436?
318874
In base 8, what is 7726 + -15177?
-5251
In base 7, what is -14 - 415511?
-415525
In base 8, what is 3255 + -